36?
8
Calculate the highest common factor of 228651270 and 1042.
1042
Calculate the greatest common divisor of 56916 and 14754636.
3348
What is the highest common factor of 135615402 and 1526?
218
What is the greatest common divisor of 889 and 27106499?
889
What is the highest common divisor of 81714666 and 264?
66
Calculate the highest common divisor of 129125 and 18625.
125
Calculate the highest common divisor of 19278 and 236872458.
918
What is the highest common factor of 247627 and 95?
19
Calculate the greatest common divisor of 101315 and 422395.
115
Calculate the greatest common factor of 6023 and 147405.
317
What is the highest common divisor of 681384 and 43065?
957
What is the greatest common divisor of 8830 and 21712087?
883
Calculate the highest common factor of 13954700 and 4140.
20
What is the greatest common divisor of 911320 and 5140?
20
Calculate the greatest common factor of 127649868 and 24.
12
What is the greatest common factor of 1937026 and 415744?
406
Calculate the greatest common factor of 1228211 and 3768.
157
What is the greatest common divisor of 555001788 and 1870?
374
Calculate the greatest common factor of 1888491 and 6648620.
7073
Calculate the greatest common divisor of 1326145 and 1025.
205
What is the highest common divisor of 24123 and 40851?
51
What is the highest common factor of 150 and 124373850?
150
Calculate the greatest common divisor of 3386154 and 132.
6
What is the highest common factor of 6755 and 40534053?
1351
Calculate the greatest common factor of 15466 and 115649314.
418
What is the greatest common factor of 862380 and 1755?
135
What is the highest common factor of 695231 and 674?
337
Calculate the greatest common divisor of 1239130 and 2955.
985
Calculate the greatest common divisor of 51612407 and 32648.
4081
Calculate the greatest common factor of 60 and 1219455165.
15
What is the greatest common factor of 19223736 and 336?
168
Calculate the highest common divisor of 9196 and 14726668.
484
Calculate the greatest common factor of 23957076 and 4301.
253
What is the greatest common divisor of 479798 and 42074?
386
Calculate the highest common divisor of 174 and 7689321.
87
What is the highest common factor of 594 and 5852061?
27
Calculate the greatest common factor of 5241796 and 29225.
1169
What is the greatest common divisor of 324 and 9075564?
324
What is the greatest common divisor of 133110 and 9046550?
4930
Calculate the greatest common divisor of 204596 and 15274.
14
Calculate the highest common factor of 14298 and 3918.
6
What is the greatest common divisor of 4635304 and 200?
8
What is the highest common factor of 16 and 10226964?
4
What is the greatest common factor of 16901539 and 166?
83
Calculate the greatest common divisor of 60 and 708028410.
30
What is the greatest common divisor of 1704 and 673002468?
852
What is the greatest common factor of 170400 and 460648?
568
What is the highest common divisor of 2517611005 and 2210?
1105
Calculate the highest common divisor of 13137232 and 29.
29
What is the highest common divisor of 5432 and 8055559?
97
Calculate the greatest common factor of 178748674 and 26.
26
Calculate the highest common divisor of 5349402 and 4113.
9
Calculate the highest common factor of 2 and 7988986.
2
What is the highest common factor of 2736 and 1443088?
304
Calculate the greatest common divisor of 1046740 and 2267060.
5260
What is the highest common divisor of 168111683 and 74?
37
Calculate the greatest common divisor of 13545 and 32189155.
215
Calculate the greatest common divisor of 431389 and 47.
1
What is the greatest common divisor of 41676736 and 1600?
64
What is the highest common factor of 290043 and 214266?
2613
What is the greatest common divisor of 28 and 2024106?
14
What is the highest common factor of 28380742 and 169858?
3614
Calculate the highest common divisor of 18811 and 170403061.
1447
What is the highest common divisor of 17730738 and 1458?
1458
What is the highest common factor of 316432 and 46?
2
What is the greatest common factor of 30 and 3557355?
15
What is the greatest common divisor of 14265 and 36261?
9
What is the highest common factor of 17750 and 10082?
142
Calculate the greatest common factor of 93545811 and 4419.
4419
What is the greatest common factor of 1859050 and 200?
50
Calculate the greatest common factor of 26748116 and 5038.
458
Calculate the greatest common divisor of 433903780 and 60.
20
What is the greatest common factor of 336123 and 114573?
633
What is the greatest common divisor of 7 and 51643487?
7
Calculate the greatest common divisor of 122 and 31548712.
122
Calculate the highest common divisor of 8058 and 65555148.
474
Calculate the highest common factor of 49 and 227298407.
49
Calculate the greatest common factor of 9088 and 1838829.
71
Calculate the greatest common factor of 874655550 and 9.
9
Calculate the greatest common factor of 31175 and 160476.
43
Calculate the highest common factor of 3099683 and 2301.
59
What is the highest common divisor of 1043 and 9142789?
149
What is the greatest common divisor of 19592664 and 54?
6
Calculate the greatest common divisor of 86845736 and 11688.
3896
What is the highest common divisor of 15 and 74221320?
15
What is the greatest common factor of 1591 and 11288145?
1591
Calculate the highest common divisor of 5803183 and 959.
137
Calculate the highest common factor of 656 and 53835952.
656
What is the highest common divisor of 102 and 440385?
51
Calculate the greatest common divisor of 926148 and 666474.
678
Calculate the greatest common factor of 3641301 and 3146517.
7731
What is the highest common divisor of 10416 and 124737552?
1488
Calculate the greatest common factor of 8504787 and 26301.
2391
What is the greatest common factor of 34 and 8206291?
17
Calculate the highest common divisor of 28278 and 89676.
18
Calculate the highest common factor of 11980362 and 214.
214
Calculate the greatest common divisor of 44268138 and 261.
9
Calculate the greatest common factor of 31214118 and 286.
26
What is the greatest common divisor of 63057 and 681?
3
What is the greatest common factor of 272 and 7572060?
4
Calculate the greatest common divisor of 1100853540 and 190.
190
What is the highest common factor of 14430 and 4903980?
1110
What is the highest common divisor of 18424 and 12836?
4
Calculate the highest common factor of 1280 and 21794560.
1280
What is the highest common divisor of 773469 and 576123?
3183
Calculate the highest common divisor of 250201125 and 800.
25
What is the greatest common divisor of 23349 and 2019417?
543
What is the highest common factor of 10843308 and 1204?
28
What is the highest common divisor of 133 and 85506631?
133
What is the greatest common divisor of 990 and 22832590?
110
What is the greatest common divisor of 69250 and 5340560?
2770
Calculate the greatest common divisor of 81702 and 20633274.
306
What is the greatest common factor of 413 and 19335539?
59
What is the highest common factor of 708079 and 2972?
743
What is the highest common divisor of 2129485 and 160?
5
What is the highest common divisor of 104667 and 365292?
417
What is the greatest common factor of 1428034 and 679?
97
Calculate the greatest common factor of 10 and 80786320.
10
Calculate the highest common divisor of 802 and 218483246.
802
Calculate the highest common divisor of 684 and 355227724.
76
What is the highest common factor of 10644674 and 24618?
746
What is the highest common divisor of 218994 and 26448?
114
Calculate the greatest common divisor of 785881 and 2445311.
3131
Calculate the greatest common divisor of 5538 and 7879296.
426
Calculate the greatest common divisor of 1267 and 1758053.
181
What is the highest common factor of 1204 and 91095543?
301
What is the greatest common divisor of 800 and 13933575?
25
What is the highest common divisor of 5285 and 21973?
7
What is the highest common divisor of 55256900 and 1100?
100
Calculate the greatest common divisor of 4005 and 146655.
45
Calculate the greatest common divisor of 103389 and 7605.
39
Calculate the greatest common divisor of 3550410 and 567015.
1545
What is the greatest common factor of 1288974460 and 1724?
1724
Calculate the greatest common divisor of 204535 and 48545.
95
Calculate the hi